{"id":227,"date":"2019-01-07T12:54:08","date_gmt":"2019-01-07T10:54:08","guid":{"rendered":"https:\/\/www.euroket.fi\/kauppa\/?post_type=product&#038;p=227"},"modified":"2022-12-13T12:29:53","modified_gmt":"2022-12-13T10:29:53","slug":"520-orh","status":"publish","type":"product","link":"https:\/\/www.euroket.fi\/kauppa\/tuote\/520-orh\/","title":{"rendered":"520 ORH Enduro-\/ Adventure-sarja 120 Lenkki\u00e4"},"content":{"rendered":"<p><strong>Enduro-\/Adventure-ketjusarjan teht\u00e4v\u00e4 on kest\u00e4vyys p\u00f6lyisiss\u00e4 ja lejuisissa olosuhteissa. Active-rengas- ja O-rengastiiviste ovat kest\u00e4vi\u00e4<\/strong><br \/>\n<strong>vaikeissa ajo-olosuhteissa, ja ne s\u00e4ilytt\u00e4v\u00e4t ketjun pysyv\u00e4sti hyv\u00e4ss\u00e4 kunnossa. 520 RDO -ketjussa on erityisesti muotoillut sis\u00e4levyt, joiden<\/strong><br \/>\n<strong>avulla ketjupy\u00f6r\u00e4n hampaista voidaan poistaa ajettaessa lika ja lieju<\/strong>.<\/p>\n<p>HUOM! Tapauksissa jossa toimitusosoite lossin takana, otathan yhteytt\u00e4 ennen tilausta: myynti@euroket.fi tai 0440724311<\/p>\n","protected":false},"excerpt":{"rendered":"<p><a href=\"https:\/\/www.euroket.fi\/kauppa\/wp-content\/uploads\/2019\/01\/EnduroT.jpg\"><img loading=\"lazy\" decoding=\"async\" class=\"alignnone size-medium wp-image-222\" src=\"https:\/\/www.euroket.fi\/kauppa\/wp-content\/uploads\/2019\/01\/EnduroT-300x77.jpg\" alt=\"\" width=\"300\" height=\"77\" srcset=\"https:\/\/www.euroket.fi\/kauppa\/wp-content\/uploads\/2019\/01\/EnduroT-300x77.jpg 300w, https:\/\/www.euroket.fi\/kauppa\/wp-content\/uploads\/2019\/01\/EnduroT-600x154.jpg 600w, https:\/\/www.euroket.fi\/kauppa\/wp-content\/uploads\/2019\/01\/EnduroT-768x197.jpg 768w, https:\/\/www.euroket.fi\/kauppa\/wp-content\/uploads\/2019\/01\/EnduroT-1024x262.jpg 1024w, https:\/\/www.euroket.fi\/kauppa\/wp-content\/uploads\/2019\/01\/EnduroT.jpg 1467w\" sizes=\"auto, (max-width: 300px) 100vw, 300px\" \/><\/a><\/p>\n","protected":false},"featured_media":220,"template":"","meta":[],"product_brand":[],"product_cat":[31],"product_tag":[39,37,38],"class_list":{"0":"post-227","1":"product","2":"type-product","3":"status-publish","4":"has-post-thumbnail","6":"product_cat-moottoripyoranketjut","7":"product_tag-39","8":"product_tag-enduro","9":"product_tag-moottoripyoranketjut","10":"product_shipping_class-kotimaa-normaali","12":"first","13":"instock","14":"taxable","15":"shipping-taxable","16":"purchasable","17":"product-type-simple"},"aioseo_notices":[],"_links":{"self":[{"href":"https:\/\/www.euroket.fi\/kauppa\/wp-json\/wp\/v2\/product\/227","targetHints":{"allow":["GET"]}}],"collection":[{"href":"https:\/\/www.euroket.fi\/kauppa\/wp-json\/wp\/v2\/product"}],"about":[{"href":"https:\/\/www.euroket.fi\/kauppa\/wp-json\/wp\/v2\/types\/product"}],"wp:featuredmedia":[{"embeddable":true,"href":"https:\/\/www.euroket.fi\/kauppa\/wp-json\/wp\/v2\/media\/220"}],"wp:attachment":[{"href":"https:\/\/www.euroket.fi\/kauppa\/wp-json\/wp\/v2\/media?parent=227"}],"wp:term":[{"taxonomy":"product_brand","embeddable":true,"href":"https:\/\/www.euroket.fi\/kauppa\/wp-json\/wp\/v2\/product_brand?post=227"},{"taxonomy":"product_cat","embeddable":true,"href":"https:\/\/www.euroket.fi\/kauppa\/wp-json\/wp\/v2\/product_cat?post=227"},{"taxonomy":"product_tag","embeddable":true,"href":"https:\/\/www.euroket.fi\/kauppa\/wp-json\/wp\/v2\/product_tag?post=227"}],"curies":[{"name":"wp","href":"https:\/\/api.w.org\/{rel}","templated":true}]}}