{"id":217,"date":"2019-01-07T11:47:25","date_gmt":"2019-01-07T09:47:25","guid":{"rendered":"https:\/\/www.euroket.fi\/kauppa\/?post_type=product&#038;p=217"},"modified":"2022-12-13T12:30:07","modified_gmt":"2022-12-13T10:30:07","slug":"520-orm-o-renkaiden-sarja","status":"publish","type":"product","link":"https:\/\/www.euroket.fi\/kauppa\/tuote\/520-orm-o-renkaiden-sarja\/","title":{"rendered":"520 ORM, O-Renkaiden sarja 120 Lenkki\u00e4"},"content":{"rendered":"<p><strong>O-rengasketjut ovat korkealaatuisten Active-rengasketjujen taloudellinen vaihtoehto. Niiden ominaisuudet tyydytt\u00e4v\u00e4t useimpien asiakkaiden<\/strong><br \/>\n<strong>tarpeet. Ketjussa k\u00e4ytett\u00e4v\u00e4 O-rengastiiviste takaa riitt\u00e4v\u00e4n pitk\u00e4n k\u00e4ytt\u00f6i\u00e4n, mik\u00e4 pit\u00e4\u00e4 ostokustannukset alhaisina. Suuri vetolujuus takaa<\/strong><br \/>\n<strong>turvallisen ajon useimmissa moottoripy\u00f6rien tyypeiss\u00e4.<\/strong><\/p>\n<p>HUOM! Tapauksissa jossa toimitusosoite lossin takana, otathan yhteytt\u00e4 ennen tilausta: myynti@euroket.fi tai 0440724311<\/p>\n","protected":false},"excerpt":{"rendered":"<p><a href=\"https:\/\/www.euroket.fi\/kauppa\/wp-content\/uploads\/2019\/01\/ORengast.jpg\"><img loading=\"lazy\" decoding=\"async\" class=\"alignnone size-medium wp-image-218\" src=\"https:\/\/www.euroket.fi\/kauppa\/wp-content\/uploads\/2019\/01\/ORengast-300x70.jpg\" alt=\"\" width=\"300\" height=\"70\" srcset=\"https:\/\/www.euroket.fi\/kauppa\/wp-content\/uploads\/2019\/01\/ORengast-300x70.jpg 300w, https:\/\/www.euroket.fi\/kauppa\/wp-content\/uploads\/2019\/01\/ORengast-600x139.jpg 600w, https:\/\/www.euroket.fi\/kauppa\/wp-content\/uploads\/2019\/01\/ORengast-768x178.jpg 768w, https:\/\/www.euroket.fi\/kauppa\/wp-content\/uploads\/2019\/01\/ORengast-1024x237.jpg 1024w, https:\/\/www.euroket.fi\/kauppa\/wp-content\/uploads\/2019\/01\/ORengast.jpg 1436w\" sizes=\"auto, (max-width: 300px) 100vw, 300px\" \/><\/a><\/p>\n","protected":false},"featured_media":219,"template":"","meta":[],"product_brand":[],"product_cat":[31],"product_tag":[39,35,45,33],"class_list":{"0":"post-217","1":"product","2":"type-product","3":"status-publish","4":"has-post-thumbnail","6":"product_cat-moottoripyoranketjut","7":"product_tag-39","8":"product_tag-o-rengas","9":"product_tag-orm","10":"product_tag-street","12":"first","13":"instock","14":"taxable","15":"shipping-taxable","16":"purchasable","17":"product-type-simple"},"aioseo_notices":[],"_links":{"self":[{"href":"https:\/\/www.euroket.fi\/kauppa\/wp-json\/wp\/v2\/product\/217","targetHints":{"allow":["GET"]}}],"collection":[{"href":"https:\/\/www.euroket.fi\/kauppa\/wp-json\/wp\/v2\/product"}],"about":[{"href":"https:\/\/www.euroket.fi\/kauppa\/wp-json\/wp\/v2\/types\/product"}],"wp:featuredmedia":[{"embeddable":true,"href":"https:\/\/www.euroket.fi\/kauppa\/wp-json\/wp\/v2\/media\/219"}],"wp:attachment":[{"href":"https:\/\/www.euroket.fi\/kauppa\/wp-json\/wp\/v2\/media?parent=217"}],"wp:term":[{"taxonomy":"product_brand","embeddable":true,"href":"https:\/\/www.euroket.fi\/kauppa\/wp-json\/wp\/v2\/product_brand?post=217"},{"taxonomy":"product_cat","embeddable":true,"href":"https:\/\/www.euroket.fi\/kauppa\/wp-json\/wp\/v2\/product_cat?post=217"},{"taxonomy":"product_tag","embeddable":true,"href":"https:\/\/www.euroket.fi\/kauppa\/wp-json\/wp\/v2\/product_tag?post=217"}],"curies":[{"name":"wp","href":"https:\/\/api.w.org\/{rel}","templated":true}]}}